(a) = a**2 - 9893*a - 89049. What is x(-9)?
69
Let o(u) = 86*u**3 - 168*u**2 + 178*u - 8. What is o(1)?
88
Let q(d) = 2*d**3 + 89*d**2 - 428*d - 336. What is q(5)?
-1
Let p(g) = -g**2 - 1914*g + 44532. Give p(23).
-19
Let h(o) = o**3 - 29*o**2 + 166*o - 2289. Calculate h(26).
-1
Let l(h) = -2*h**3 - 87*h**2 - 13*h + 1340. Calculate l(-43).
50
Let g(m) = m**3 - 329*m**2 - 27*m + 9567. Calculate g(329).
684
Let l(d) = 8*d**2 - 25*d - 25. Determine l(-6).
413
Let z(s) = -s**3 - 34*s**2 + 206*s + 9843. Determine z(-30).
63
Let r(y) = -2185490*y + 6556471. What is r(3)?
1
Let s(x) = x**3 + 68*x**2 + 585*x + 148. Calculate s(-10).
98
Let f(h) = -5*h**2 - 838*h + 54873. Calculate f(-218).
-63
Let q(g) = 40*g + 5908. What is q(-54)?
3748
Let z(q) = 73*q + 18102. Give z(-248).
-2
Let d(h) = -4*h**3 - 271*h**2 - 462*h - 78. Give d(-66).
-78
Let g(m) = 169*m - 75369. Give g(446).
5
Let y(c) = -c**2 - 154*c + 2670. Calculate y(17).
-237
Let h(b) = -122*b**2 - 63684*b + 3. Calculate h(-522).
3
Let b(w) = 486*w + 8581. Determine b(-18).
-167
Let p(j) = 38*j**2 - 3529*j - 3897. Determine p(94).
145
Let j(a) = 273*a**2 - 1168*a - 8122. Calculate j(8).
6
Let g(p) = -1856*p + 16501. Determine g(9).
-203
Let p(i) = -i**3 + 15*i**2 + 414*i - 148. Calculate p(-15).
392
Let t(s) = 2*s**3 + 532*s**2 - 452*s + 21881. Give t(-267).
-13
Let m(l) = -1882*l**2 - 45171*l - 8. Calculate m(-24).
64
Let a(x) = -x**2 + 157*x - 1329. What is a(8)?
-137
Let j(q) = 46373*q + 47. Determine j(0).
47
Let m(n) = n**3 - 32*n**2 + 2055*n - 18349. What is m(10)?
1
Let q(r) = 1326*r + 6716. What is q(-5)?
86
Let g(o) = -35527*o - 6856582. What is g(-193)?
129
Let r(k) = -473*k**2 - 264406*k + 553. Determine r(-559).
-6
Let c(k) = -17*k**2 + 212*k + 1013. Give c(-5).
-472
Let i(l) = -390*l**2 + 35097*l + 275. Give i(90).
5
Let i(j) = 1123*j + 192024. What is i(-171)?
-9
Let o(l) = -27*l**3 - 463*l**2 - 871*l - 9. Give o(-15).
6
Let f(g) = 106*g**2 - 1544*g + 2197. Calculate f(13).
39
Let c(x) = -x**3 - 30*x**2 + 925*x - 75. What is c(-49)?
219
Let v(g) = 1591*g + 585414. Give v(-368).
-74
Let f(s) = -s**2 + 9294*s - 2480224. Calculate f(275).
1
Let j(u) = 3*u**3 - 35*u**2 + 159*u. Give j(4).
268
Let o(g) = 30908*g + 371061. Calculate o(-12).
165
Let c(w) = 2*w**2 + 1222*w - 47928. What is c(37)?
24
Let o(g) = -g**2 + 117*g - 3183. Determine o(44).
29
Let v(n) = -85642*n - 856417. What is v(-10)?
3
Let q(m) = -m**3 + 1316*m**2 + 7932*m + 11. What is q(-6)?
11
Let p(s) = 5353*s + 187868. Calculate p(-35).
513
Let x(w) = -1713*w + 157477. Determine x(91).
1594
Let h(u) = 15*u**2 - 12541*u - 100593. Calculate h(844).
-157
Let f(p) = 4*p**3 + 110*p**2 - 47*p + 119. Give f(-28).
-133
Let t(c) = 2*c**3 - 208*c**2 - 1087*c - 441. Calculate t(109).
-114
Let u(o) = -o**3 + 102*o**2 + 425*o - 123. Determine u(106).
-17
Let l(k) = 461*k + 365. Calculate l(0).
365
Let m(d) = -34*d**2 + 130*d - 82. Calculate m(5).
-282
Let t(a) = 1403*a**2 + 9928*a + 765. Calculate t(-7).
16
Let s(k) = -2*k**3 + 113*k**2 + 511*k - 8. Give s(-5).
512
Let d(z) = -z**3 - 60*z**2 - 875*z - 40246. Calculate d(-57).
-118
Let o(y) = -y**3 + 374*y**2 + 8279*y + 69. Give o(-21).
405
Let i(s) = -28*s**3 + 271*s**2 + 52*s + 102. Give i(10).
-278
Let q(a) = a**3 + 58*a**2 - 51602*a - 408. Determine q(-258).
108
Let z(g) = 12828*g + 102663. What is z(-8)?
39
Let c(d) = -384*d + 86376. Give c(225).
-24
Let s(r) = 18*r**2 + 717*r + 3561. Determine s(-5).
426
Let a(l) = -59*l**2 - 27410*l + 251472. What is a(9)?
3
Let x(s) = -749697*s + 7496959. Determine x(10).
-11
Let r(t) = -14*t**2 - 2172*t + 6546. Give r(3).
-96
Let x(m) = 48203*m - 96506. Give x(2).
-100
Let b(j) = 1684*j**2 + 5044*j + 2. What is b(-3)?
26
Let y(w) = w**3 + 57*w**2 - 1328*w - 5047. Give y(-74).
133
Let s(m) = m**3 - 3*m**2 + 260*m + 1177. Calculate s(-4).
25
Let h(s) = -s**2 - 1604*s - 416622. Give h(-326).
6
Let y(v) = -v**3 - 540*v**2 - 71809*v + 431. Give y(-237).
-43
Let j(v) = -380*v + 14412. What is j(38)?
-28
Let x(s) = s**2 - s - 1696. What is x(-33)?
-574
Let i(t) = -36*t**2 - 2651*t + 1033. Give i(-74).
71
Let p(g) = -238*g - 8580. Determine p(-40).
940
Let f(i) = -537*i + 191. Calculate f(-4).
2339
Let g(p) = -2*p**3 + 103*p**2 + 1444*p + 220. Calculate g(63).
-95
Let p(h) = -844*h**2 - 528*h - 1. Determine p(-1).
-317
Let b(r) = 29*r**3 + 236*r**2 + 39*r - 17. What is b(-8)?
-73
Let h(l) = 483*l - 86874. Give h(180).
66
Let v(c) = 234663*c - 1173316. What is v(5)?
-1
Let b(l) = 563*l - 18615. Calculate b(33).
-36
Let p(w) = 937*w - 3567. Determine p(4).
181
Let s(l) = 3*l**3 + 378*l**2 + 2501*l + 258. Determine s(-119).
20
Let i(a) = -2*a**3 - 18*a**2 + 646*a + 47. Give i(-23).
1
Let h(a) = -199*a + 28058. Give h(141).
-1
Let w(t) = -29*t**3 - 14*t**2 - 170*t - 192. Calculate w(-1).
-7
Let u(d) = -831*d + 16421. What is u(20)?
-199
Let y(t) = -277*t**2 + 14959*t - 28. Calculate y(54).
26
Let z(s) = -38*s - 35. Determine z(5).
-225
Let d(y) = 5*y**2 + 353*y - 21. Calculate d(-70).
-231
Let g(y) = -2*y**3 - 25*y**2 - 191*y - 2529. What is g(-13)?
123
Let g(o) = -122*o**2 - 3768*o + 30. Determine g(-31).
-404
Let g(u) = -280*u - 39775. Calculate g(-140).
-575
Let n(o) = o**3 - 205*o**2 + 806*o - 496. Give n(201).
-94
Let m(g) = -g**2 - 8301*g + 392360. Give m(47).
4
Let b(p) = 101*p - 15007. Calculate b(148).
-59
Let x(m) = 80278*m - 481785. Calculate x(6).
-117
Let g(w) = -5755*w - 5774. What is g(-1)?
-19
Let j(v) = -v**2 - 404*v - 13476. Determine j(-37).
103
Let y(l) = -968*l - 142276. What is y(-147)?
20
Let q(t) = -4*t**2 + 217*t + 789. Give q(70).
-3621
Let q(b) = 17*b**2 + 59*b + 112. Determine q(-2).
62
Let w(g) = -g**3 + 263*g**2 - 126*g - 35495. Give w(262).
137
Let r(x) = -3*x**2 + 334*x - 1971. What is r(103)?
604
Let d(t) = 264*t + 1313. Give d(-4).
257
Let z(m) = -1582*m + 19036. Calculate z(12).
52
Let a(j) = 3192*j + 258527. Calculate a(-81).
-25
Let m(a) = 6615*a - 58184. Determine m(9).
1351
Let p(u) = -u**3 - 304*u**2 + 147*u - 48334. Calculate p(-305).
-144
Let a(z) = 123061*z - 3199639. What is a(26)?
-53
Let k(i) = -27787*i - 55521. What is k(-2)?
53
Let w(o) = 630*o + 28987. What is w(-46)?
7
Let o(w) = 143*w - 7445. Give o(63).
1564
Let g(k) = 65812*k + 5199082. Calculate g(-79).
-66
Let w(c) = c**3 - 23*c**2 + 60*c + 67. Calculate w(13).
-843
Let i(r) = r**3 - 60*r**2 - 5750*r + 334535. Give i(56).
-9
Let v(w) = 15360*w - 92257. Determine v(6).
-97
Let j(g) = -7398*g + 36849. Calculate j(5).
-141
Let h(s) = -s**2 + 50*s - 1152. Determine h(17).
-591
Let t(d) = d**3 + 27*d**2 - 264*d + 2617. What is t(-36)?
457
Let a(h) = 3*h**3 + 12*h**2 - 220*h - 54. Give a(-11).
-175
Let j(u) = u**3 - 46*u**2 + 6982*u - 66219. What is j(10)?
1
Let l(t) = 108*t**2 - 4429*t - 87. Calculate l(41).
-128
Let f(w) = -2*w**2 - 41*w + 538. Determine f(-21).
517
Let d(r) = -116*r - 1564. What is d(-25)?
1336
Let t(u) = -u**3 + 271*u**2 - 16165*u - 2932. What is t(89)?
5
Let v(x) = x**3 + 13*x**2 - 46*x - 214. Give v(5).
6
Let o(y) = -652*y + 21471. Determine o(33).
-45
Let z(j) = 14*j**3 + 587*j**2 + 5467*j + 190. Determine z(-28).
-6
Let y(v) = 117*v**2 + 1345*v + 2933. Calculate y(-3).
-49
Let r(b) = -342*b**3 - 5866*b**2 - 884*b. Give r(-17).
0
Let w(l) = 60*l - 3216. Determine w(54).
24
Let g(q) = 57*q**2 - 729*q - 74. Calculate g(0).
-74
Let h(c) = -1996*c - 15959. Give h(-8).
9
Let t(u) = u**2 - 769*u - 512278. Calculate t(1197).
38
Let z(w) = -862*w**2 - 31887*w - 16. What is z(-37)?
-275
Let o(j) = 6*j**2 - 658*j + 892. What is o(106)?
-1440
Let t(c) = c**3 - 2*c**2 + 548*c - 3318. Give t(6).
114
Let q(z) = z**3 - 406*z**2 + 7019*z - 626. Determine q(18).
4
Let q(k) = 302*k + 2762. Give q(-6).
950
Let i(v) = 281*v**2 + 272*v + 25. What is i(-1)?
34
Let j(x) = -x**3 + 10*x**2 + 76*x + 216. Calculate j(-5).
211
Let y(f) = -9*f**3 + 110*f**2 + 279*f - 2621. What is y(13)?
-177
Let y(f) = 372*f**2 - 5365*f + 5364. Give y(1).
371
Let x(a) = -7*a**3 + a**2 - 809*a - 3194. Determine x(-4).
506
Let n(d) = -14*d**2 - 82*d + 746. What is n(10)?
-1474
Let d(a) = -11*a**3 + 3622*a**2 + 3669*a + 47. Determine d(-1).
11
Let a(d) = -269*d**2 + 1645*d - 130. What is a(6)?
56
Let f(u) = 1110*u - 2542. What is f(2)?
-322
Let l(b) = 1768*b + 14318. Determi